?
b4b246
In base 6, what is 4 + 1420010?
1420014
In base 6, what is 25 + 230255332?
230255401
In base 3, what is 210100 - 2120222?
-1210122
In base 6, what is -3 + 43441445?
43441442
In base 2, what is 1010000100111 - 10010101101?
111101111010
In base 11, what is 750969 - 43?
750926
In base 14, what is -4b838 + -844?
-4c27c
In base 9, what is 10 - -1106761?
1106771
In base 7, what is 122 - -4466126?
4466251
In base 3, what is 0 + 1001001221020021001?
1001001221020021001
In base 12, what is -107b9b - 14?
-107bb3
In base 9, what is 4078 + 5203?
10282
In base 9, what is 4234318 + 10?
4234328
In base 7, what is 604002 + 1353?
605355
In base 8, what is 322 + 1175526?
1176050
In base 9, what is -1404344 - -24?
-1404320
In base 8, what is -17 - -7014652?
7014633
In base 7, what is 3 + -420453415?
-420453412
In base 10, what is 101 - 704104?
-704003
In base 16, what is -17ce - 7b3?
-1f81
In base 10, what is -605878761 + -3?
-605878764
In base 6, what is 4 + -55234553?
-55234545
In base 12, what is 475b633 + 6?
475b639
In base 13, what is 5 + 36bc0c1?
36bc0c6
In base 5, what is -233344 + -11201321?
-11440220
In base 16, what is -47180 + 7?
-47179
In base 16, what is 4 - -d1aeb?
d1aef
In base 9, what is 17 + 1474343?
1474361
In base 16, what is a73bb0 + 3?
a73bb3
In base 15, what is ce - a04a?
-9e6b
In base 14, what is -980745 - 8?
-98074d
In base 13, what is 171592 - 148?
171447
In base 2, what is 101010111110000001111100 + 100?
101010111110000010000000
In base 13, what is -77c380 - -c?
-77c371
In base 9, what is 5666 - 6481?
-714
In base 8, what is 7666 - 12055?
-2167
In base 5, what is 230 + -2033234?
-2033004
In base 9, what is -4771 + 1430?
-3341
In base 13, what is -17a + -7ccc0?
-8016a
In base 2, what is -11110101010 - -1100100111010011?
1100001000101001
In base 3, what is -10000102 + 122120022?
112112220
In base 9, what is 162 - 2110633?
-2110461
In base 13, what is -204232 - -1?
-204231
In base 14, what is 1 - -643a25?
643a26
In base 11, what is -59 + -552182?
-552230
In base 4, what is 320202333330 - 3?
320202333321
In base 3, what is -10 - 21021020020001?
-21021020020011
In base 16, what is 1 + 2b2eed2?
2b2eed3
In base 8, what is -1 + 5441431?
5441430
In base 11, what is -23196 - 8882?
-30a68
In base 2, what is -11011011111000 - -11111010?
-11010111111110
In base 15, what is -126c8 + e32?
-11796
In base 9, what is 30036 - -2072?
32118
In base 9, what is -100357 + -2141?
-102508
In base 12, what is 4 - 88543b8?
-88543b4
In base 3, what is -122002 - 12120200?
-20012202
In base 15, what is 70 - -4da511?
4da581
In base 15, what is 20c6 - 2066?
60
In base 11, what is 23 + 1289a4?
128a17
In base 9, what is 1736 - 70155?
-67318
In base 5, what is 14 - 134130110?
-134130041
In base 15, what is -1b + 125ab?
12590
In base 13, what is -66b + -146b?
-1b09
In base 14, what is -54 - 3d794?
-3d808
In base 13, what is -2 + 1a0553?
1a0551
In base 7, what is 5446 - 1621?
3525
In base 11, what is 2 + 14604a64?
14604a66
In base 7, what is -5 - 23162230?
-23162235
In base 6, what is -15503020 - 120?
-15503140
In base 4, what is 22023202120221 - 11?
22023202120210
In base 6, what is 2200545 - 4251?
2152254
In base 12, what is -319 + -12ab?
-1608
In base 4, what is -2213 + -1030210231?
-1030213110
In base 11, what is 380 + -4203?
-3933
In base 2, what is -1101001001111100 - 1001010?
-1101001011000110
In base 9, what is -80 - -3735181?
3735101
In base 4, what is -30013321 - 3333?
-30023320
In base 5, what is -322 - 12003134?
-12004011
In base 7, what is -14503633 + 2?
-14503631
In base 15, what is -bbc - be78?
-cb45
In base 3, what is 1001 - -10012000102221?
10012000110222
In base 11, what is 165 - 973724?
-97356a
In base 2, what is 1001111110110000000010 + 10011?
1001111110110000010101
In base 6, what is -224304240 + 2?
-224304234
In base 14, what is 0 - -58bdcd3?
58bdcd3
In base 2, what is -11111110 - 1010011010011000?
-1010011110010110
In base 9, what is -173 + -25200443?
-25200626
In base 11, what is -1557 + -2666?
-4112
In base 13, what is -1535 + 2a1?
-1264
In base 7, what is -2 - 435305236?
-435305241
In base 6, what is 1134253 - 44?
1134205
In base 6, what is 545154 + 1555?
551153
In base 12, what is 2 + -284966?
-284964
In base 2, what is -1 + 11000011101000100011111?
11000011101000100011110
In base 4, what is 32 - 321111221121?
-321111221023
In base 16, what is 1845d - -3d?
1849a
In base 9, what is -2 - 337586643?
-337586645
In base 5, what is -1 - 31011244243?
-31011244244
In base 11, what is 34 + 2649148?
2649181
In base 5, what is 4102 + -13413321?
-13404214
In base 14, what is 1a - 79b85?
-79b69
In base 12, what is -8218 - 9475?
-15691
In base 10, what is -101 - -1254370?
1254269
In base 7, what is 53113 - 14520?
35263
In base 3, what is 0 + -102020102110220?
-102020102110220
In base 16, what is -23 + b6b4?
b691
In base 15, what is 73d44 - -22?
73d66
In base 11, what is 50383 - -168?
50540
In base 16, what is b1a9f38 - -5?
b1a9f3d
In base 7, what is -34240332365 + 4?
-34240332361
In base 14, what is 65 - 18909?
-18884
In base 15, what is 155bd7 - -4?
155bdb
In base 15, what is -9 + -8087b?
-80885
In base 9, what is 116774618 + -4?
116774614
In base 7, what is -11 + 3041?
3030
In base 9, what is -242003162 + -11?
-242003173
In base 3, what is 112212021212 - 2?
112212021210
In base 4, what is -1 + -120012030111?
-120012030112
In base 4, what is 3 - -2322321230?
2322321233
In base 11, what is 50 - -3648179?
3648219
In base 9, what is 225 - -8787604?
8787830
In base 2, what is -10001011001001000 - -11100101?
-10001010101100011
In base 2, what is 111000011101000111 - -111011100?
111000100100100011
In base 15, what is 5 + 1b1c16?
1b1c1b
In base 2, what is 10 - -1111110101101000101?
1111110101101000111
In base 13, what is 309b59 - 6?
309b53
In base 13, what is 8 + 2753a3?
2753ab
In base 8, what is 7130066 + -24?
7130042
In base 11, what is 4017006 - -2?
4017008
In base 10, what is -774940 + 53?
-774887
In base 12, what is 291a4 - a?
29196
In base 9, what is -244700 - 5?
-244705
In base 13, what is a6490 - 110?
a6380
In base 2, what is 1001001000111001001010 + 101?
1001001000111001001111
In base 10, what is 16 - 1107313?
-1107297
In base 7, what is 226101 + -235?
225533
In base 16, what is 14aa + abff?
c0a9
In base 11, what is 46 - 5a980?
-5a935
In base 3, what is -21101010 + 12101201?
-1222102
In base 9, what is 671423640 - 4?
671423635
In base 8, what is -4 + 1336100276?
1336100272
In base 5, what is -11003232124 + 3?
-11003232121
In base 8, what is 6 - 102510376?
-102510370
In base 3, what is -2 - -1221021012020?
1221021012011
In base 15, what is 3b + -104e28?
-104ddc
In base 5, what is -1030033214131 + 3?
-1030033214123
In base 8, what is 26543620 - 4?
26543614
In base 9, what is 43685235 - 6?
43685228
In base 4, what is -222313 + 13321030?
13032111
In base 13, what is -107 + -2369a?
-237a4
In base 9, what is 11 - -3235028?
3235040
In base 4, what is -111131121 + 123213?
-111001302
In base 16, what is 4dd - 8b?
452
In base 11, what is 55 - -10a497?
10a541
In base 11, what is -46 + -15856a?
-158605
In base 11, what is 139829 + 0?
139829
In base 5, what is 400044 + -121224?
223320
In base 16, what is -2 - 738d91d?
-738d91f
In base 7, what is 33 + -36442030?
-36441664
In base 6, what is 1120343 - 1111?
1115232
In base 8, what is 2163 - 20554?
-16371
In base 8, what is -1614 - -2363?
547
In base 2, what is -100 - 111111011101100011110100?
-111111011101100011111000
In base 3, what is -2 - 1201111020001?
-1201111020010
In base 13, what is -65c192 - -16?
-65c179
In base 8, what is 12046 - -10354?
22422
In base 8, what is -37206507 + 46?
-37206441
In base 7, what is 342262 - 333?
341626
In base 10, what is 3934555 - -2?
3934557
In base 11, what is 609 - 1230?
-722
In base 2, what is 1011111010001 + 100001010011?
10000000100100
In base 14, what is -2104 - -4d1?
-1a13
In base 13, what is 424 - -10779?
10ba0
In base 15, what is 357 + aa2b?
ad83
In base 15, what is -1 + -2c157b7?
-2c157b8
In base 5, what is -43133312 - 124?
-43133441
In base 13, what is -26 + 3519c6?
3519a0
In base 15, what is 23e + -105068?
-104d29
In base 6, what is -41135534 - 10323?
-41150301
In base 7, what is 223 - 52521?
-52265
In base 4, what is 1102131 + 233203?
2002000
In base 7, what i